4 + (-4 - 2) + -4?
-10
-3 - (0 + 2 + -7 - -7)
-5
Calculate -1 + 3 + -3 + -2.
-3
Calculate -3 + 1 + 6 - (1 - -1).
2
Evaluate 7 - (1 + 5 + (1 - 4)).
4
Calculate -7 + 1 + (6 - (1 - 7)).
6
What is the value of -5 - (-5 - (5 + -3) - -3)?
-1
What is the value of -5 + (4 - 10) - -10?
-1
Evaluate 47 + -59 + (4 - 1).
-9
What is the value of (-2 + 7 - 6 - -4) + 0?
3
What is the value of (1 - 4) + 4 + 3?
4
Evaluate 3 - (1 + 0 + 3 + -3).
2
Calculate (5 - 4) + -6 + 1 - -7.
3
What is the value of 12 - 2 - 3 - 4?
3
Evaluate (4 - -3) + (-1 + 1 - 4).
3
What is 2 + 2 - ((-14 - -19) + 1)?
-2
Evaluate 8 - (-8 + (9 - -4)).
3
-15 + (8 - (-10 - 3))
6
Evaluate 2 - -2 - (-13 + 10) - 2.
5
What is (30 - 22 - (-1 + 7)) + -2?
0
What is -4 + -13 + 5 + 15?
3
Calculate -12 - ((-45 - -40) + -1 + 0).
-6
Calculate (11 - 5 - (0 + 4)) + -5.
-3
Calculate 0 + (0 + 1 - -2) - 4.
-1
Calculate 12 - (1 + 6) - 1 - -2.
6
What is 8 + (-1 - (-9 - -12))?
4
Calculate -4 - ((-7 - -2) + 2).
-1
0 + -2 + (-4 - -10) + -4
0
What is the value of -1 - (2 - 2) - 0?
-1
Calculate 9 - (13 + -3 - 6).
5
What is the value of 4 + (-3 - (-3 + 8))?
-4
What is -1 + (9 - (29 - 13))?
-8
What is the value of 13 - (2 - -1) - (-4 - -9)?
5
What is the value of (14 - 4 - 16) + (2 - 1)?
-5
5 - ((4 - 0) + 0)
1
What is 30 + -26 - (-1 + 6)?
-1
What is 0 + 8 + 5 - 6 - 7?
0
-3 + (-2 - -1) - (-7 + 2)
1
Evaluate 8 + -15 - (-1 + -1 + 0).
-5
What is 8 + (-5 - (-2 - -2))?
3
What is -2 - ((-5 - (3 + -6)) + 1)?
-1
What is (3 + 2 - (3 - -7)) + 5?
0
-2 + 0 + 38 + -36 - 1
-1
Evaluate 10 + (-9 - -3) + -10 + 2.
-4
What is the value of 7 + -2 + -2 - 2?
1
What is 11 + (0 + -22 - -2)?
-9
Evaluate 13 - (-3 + 2 + 5 + 2).
7
Calculate -6 - (-2 - (-4 - -5)).
-3
4 + (-4 - 8) + 6 + -8
-10
What is (2 + -4 - 0) + (65 - 69)?
-6
What is the value of 2 - (0 - -5) - -1?
-2
What is (-4 + (-2 - -2) - -3) + -4?
-5
-14 + 1 + 8 - (-1 - -1)
-5
What is 0 - (-1 - 3 - -3)?
1
What is -6 + (-2 - (-3 - -1 - 0))?
-6
(-4 - -3 - 2) + -5 + 0
-8
What is the value of 3 + (1 - 4) + -1?
-1
Calculate -15 - (-9 + -11) - -1.
6
What is the value of -5 - (-1 - (-5 + 2 + 4))?
-3
-9 + -1 + 103 + -99 - -14
8
Evaluate (1 - 6) + 2 + 11 + -3.
5
Evaluate 3 + (-26 - -29) + (0 - 1).
5
What is 12 - (-7 - -10 - (-6 - -2))?
5
Evaluate -1 + (2 - -1 - 2) + 2.
2
Evaluate 2 + (-8 - -7 - -8) + -14.
-5
Calculate -4 + 5 + 2 - 5.
-2
Evaluate 0 + -3 - (-11 - -4).
4
Calculate 1 + -5 - (-8 + 8) - 1.
-5
Evaluate (0 - 2 - 0) + 3 + -6.
-5
What is -3 + (4 - 2) + -1?
-2
(0 + 2 - 1) + 0
1
What is 7 + -5 - 1 - 0?
1
What is -1 - -3 - (9 - 13)?
6
What is the value of -2 + 4 + -5 + 5?
2
-3 + 0 - (8 + -3) - -3
-5
What is the value of 1 + -2 + 5 + (-2 - 0)?
2
11 - 13 - (0 + 3)
-5
What is the value of -1 + (-1 + 4 - (0 - 0))?
2
Evaluate 2 + -1 + (2 - 8).
-5
What is (3 - 7) + 3 + (-7 - -6)?
-2
Evaluate -3 + -5 - (-7 - 0).
-1
Evaluate -1 + -4 - (2 + -9).
2
Evaluate -1 - (-3 + 1 - 2).
3
1 - (5 - 1 - (0 + 1))
-2
What is (10 - (-3 - -5)) + -4 - 4?
0
What is -1 - (-4 + 2) - (-40 - -41)?
0
Evaluate 1 + -8 + 3 + 0 + 1.
-3
What is the value of 0 + -1 + 5 + -4?
0
What is -24 - -32 - (0 + 5)?
3
-6 + (-3 + 13 - -1) + -10
-5
Evaluate 11 + -4 + 1 + -4.
4
Evaluate (-3 - (-1 + 0)) + -2.
-4
4 + (2 + 2 - 11) + 2
-1
Evaluate (37 - 39) + -1 + 4.
1
Evaluate -2 + -9 - (-99 - -91).
-3
Calculate 1 + -1 - -1 - 0.
1
Evaluate -16 + 11 + (-2 - -1) + 5.
-1
What is the value of 1 - ((19 - 16) + (0 - 4))?
2
What is the value of (7 - 10) + (1 + 1 - 3)?
-4
What is the value of (-9 - -7) + 0 + 2?
0
What is -9 - -15 - (1 + 7)?
-2
What is the value of 0 + 11 + 8 + -18 + 6?
7
What is the value of 1 - 8 - (68 - 71)?
-4
(0 - (0 + -3)) + (-1 - 2)
0
What is the value of -4 + -5 + (-3 - -9) + 1?
-2
Calculate (4 - (12 + -7)) + -4 + -1.
-6
Evaluate -11 - -2 - -1 - -2.
-6
Calculate -8 - (4 - 4 - 9).
1
(2 - -1) + (11 - 15 - -5)
4
What is -3 + -5 + 3 + -1 - -3?
-3
What is the value of -5 + 0 + 4 - (-5 - -3)?
1
What is the value of (11 - 8) + (3 - 8)?
-2
(0 + -13 - -6) + 1
-6
Calculate (1 - 6) + (-16 - -25).
4
What is the value of 122 - 129 - (-7 - (0 + 0))?
0
(-8 + 2 - -6) + -5
-5
Calculate 3 + -10 + 1 + 5.
-1
What is (-14 - -14) + (-1 - 2)?
-3
-4 - -1 - (5 + -6)
-2
76 + -78 + (1 - -5)
4
Calculate 0 + 1 + (-5 - -4).
0
1 - (2 + (-2 + -2 - 2))
5
7 + (8 - 4 - 8)
3
What is the value of -11 + 7 + -20 + 29?
5
Evaluate -4 + 13 + (-9 - -1).
1
22 + -20 + (-9 - -2)
-5
What is -6 + 1 + 8 + 4 + -4?
3
Evaluate -6 - (34 + -39 + (1 - 5)).
3
What is the value of 4 + (5 + -5 - (7 + -6))?
3
What is (6 - 15) + 22 + -5?
8
Calculate (1 - (8 + 7) - 2) + 8.
-8
0 + ((-3 - -1) + 2 - 3)
-3
Evaluate -1 + (-6 - (5 + -13)).
1
Evaluate 3 + (4 - 5) + (-5 - 1).
-4
16 + (-10 - -5 - -6) + -8
9
What is 1 - 3 - 0 - 1 - -7?
4
Calculate (-1 - -1) + -2 + 0.
-2
Evaluate -3 + (11 - (-8 + 13)).
3
Evaluate 13 - (4 + 0 - -2).
7
What is 1 + (-3 - (-5 + 8))?
-5
(3 - 0 - 4) + 1 - 2
-2
Calculate -1 + 6 + -6 + 2.
1
Calculate (1 - -3) + 1 - (-1 - -2).
4
Calculate 17 + (-3 - 5) + -8 + 9.
10
What is -4 + (1 - -3) + -3?
-3
(4 - -1) + -3 + -2
0
What is -8 + 1 + 2 + 0?
-5
Evaluate -5 + (-3 - (6 - 13)) + 1.
0
Calculate (-3 - -2) + 1 + (0 - -1).
1
What is the value of -5 - -9 - (0 + 6) - -2?
0
What is the value of 2 + -2 - (-1 - -1)?
0
5 - (-5 - (-4 - (-5 - -3)))
8
What is (12 - (1 + 5)) + -5?
1
What is -2 + 0 + (-5 + 4 - 0)?
-3
Evaluate 2 + (5 - 14) - (-5 - 0).
-2
What is the value of -6 + 13 - (3 + 1)?
3
Evaluate -2 + 0 - (-22 - -24) - 0.
-4
What is 7 - (2 + -4 - (3 - 9))?
3
What is -7 - (-15 + (-1 - -20))?
-11
What is -1 - (1 + -1 - (-23 + 18))?
-6
What is -3 - ((1 - 1) + -5) - 5?
-3
Calculate -5 + 2 + 3 - -1.
1
Evaluate -2 + (5 - -1) + -6 - 1.
-3
Evaluate 9 + -4 - 1 - 6.
-2
Evaluate (-11 - 0) + (104 - 95).
-2
Evaluate (5 - -4) + (-14 - -7).
2
What is 21 - 19 - (2 + 1)?
-1
What is the value of 1 + -2 + -3 + 3 - -2?
1
What is -8 + -17 + 8 + 18?
1
What is -2 + (1 - -1) + 0?
0
8 - (3 + -4 + 2)
7
What is the value of 2 + -7 + 6 + 3 + 0?
4
Evaluate 3 - (2 + -4) - (-2 + 2).
5
What is the value of (0 + -2 - (-2 - 2)) + 3?
5
What is 10 + (3 - 4) + -2?
7
Evaluate 1 - (-3 - -2) - (1 - 2).
3
6 - -1 - (-6 + 9 + 0)
4
Evaluate -1 - (1 + -4) - (-21 - -18).
5
-14 + 2 + -10 + 17
-5
What is the value of -13 + (13 - 4) - (1 + -9)?
4
What is the value of 9 - 11 - -7 - (1 - -3)?
1
Evaluate -4 - (5 - 5) - (-8 + 1).
3
Calculate -5 + 3 + (3 - 0) + 2.
3
4 + (4 + -2 - 5)
1
-8 - (-4 + -5 + (2 - -4))
-5
What is the value of 3 - 1 - (20 - 14)?
-4
Evaluate 0 + (-9 - -3) + 3.
-3
Evaluate -9 - -14 - (8 + -1).
-2
What is 11 + -2 + (-9 - -4)?
4
What is (7 + -20 - -4) + 7?
-2
Calculate -3 + 2 - 0 - (-1 + 8).
-8
What is -7 - ((5 - 19) + 6 - -3)?
-2
What is (-6 - 1) + (-1 - -4)?
-4
-4 + -4 - (-5 - (-1 + 0))
-4
(-2 + 0 - 5) + 9
2
7 + -7 + 7 + -5
2
Calculate 0 - (9 - 3) - -5.
-1
What is the value of 0 + 11 + (-5 - 3)?
3
Calculate 0 - (-2 - (-10 - -4)).
-4
Calculate -8 + (0 - (-1 + -5)).
-2
What is the value of 4 + (2 - (13 + -4)) + 5?
2
Evaluate -5 + -1 + 1 + (-4 - -9).
0
-23 + 15 + -9 + 0 + 7
-10
What is the value of (5 - 2) + (21 - 26)?
-2
Calculate 7 + -3 + (4 - 4).
4
Calculate -5 + -5 + 5 + 0 + 4.
-1
-34 - -28 - (-3 - -2)
-5
What is -5 + (6 - (10 - 3))?
-6
Evaluate 5 + -3 - 6 - (2 + -8).
2
Evaluate 1 + (-8 - -9) + 4.
6
What is the value of -1 + (0 - -4) - 5?
-2
Calculate ((3 - -4) + -1 - 3) + 3.
6
-4 + (6 - 2) - 5
-5
Calculate 3 - 5 - -2 - 3.
-3
1 + 7 - 3 - 0
5
7 - (0 - 5 - -6)
6
(3 + 2 - -6) + -6
5
7 + (1 - (3 - -3))
2
What is -9 + -3 + (-2 - -4) + 4?
-6
(2 - (-4 + 4 - 0)) + -4
-2
6 + -5 + (1 - 2) + 0
0
-9 - -13 - (0 - -5)
-1
Calculate 11 - (8 - (-22 - -9)).
-10
1 + (3 - (1 - (-5 - -2)))
0
Calculate 0 - (6 - 6 - 3).
3
What is -3 + 4 + 2 + -3 + 3?
3
(-7 - (-6 - 13)) + 1 + -4
9
What is the value of (-15 - (-2 - 2)) + 1?
-10
8 - (4 + 1) - 0
3
Evaluate (-1 - 3) + -15 + 24.
5
What is the value of 46 + -49 + (-9 - -3) + 1?
-8
-6 + (4 + 0 - -1)
-1
Evaluate (-12 - (-4 + 0)) + 4.
-4
Calculate 2 - (-2 + (6 - 5 - -8)).
-5
0 - (3 - (2 - (-4 + 4)))
-1
Calculate (-7 - (-2 + -6 + 3)) + 2.
0
Evaluate 43 + -39 + -11 + 1.
-6
Calculate (5 - 2 - 4) + -4 + 6.
1
What is -2 - (0 + 0 - (8 + -6))?
0
What is (-56 - -42) + 3 + 1?
-10
Calculate 1 + 0 + -3 + 3.
1
What is the value of 4 + (5 - 4) - -2?
7
What is -11 + 10 - (-6 + 1)?
4
What is -13 + -8 + 4 + 13?
-4
-4 